der when i(s) is divided by 14?
13
Let p = -39 + 63. Suppose 8*d - 12*d - p = 0. What is the remainder when 203 is divided by -5 + 7 - d*39/6?
39
Calculate the remainder when 1197 is divided by (26 + 12 + -18)*1.
17
Suppose 7*t = 8*t - 55. Let b be 4 - (-64)/(-24) - t/3. Calculate the remainder when -28 - -24 - 4*b is divided by 11.
9
Suppose -64*u + 6881 = -8249 + 5914. Calculate the remainder when 230 is divided by u.
86
Suppose -1177 - 3364 = 151*k - 390*k. Calculate the remainder when 1685 is divided by k.
13
Suppose 2*p - 9 = 4*m + 97, 5*p + 3*m = 317. What is the remainder when 93 is divided by p?
32
Suppose 0 = 2*m - 0*c - 4*c + 36, 5*m + 112 = -c. Let n = m - -24. Suppose -n*s - 5 = 5*z - 1, s = -4*z - 8. What is the remainder when 31 is divided by s?
7
Suppose 6*u - 729 = 3*u. Let r = -218 + u. What is the remainder when 124 is divided by r?
24
Suppose 2*v = -5*m + 390, 346 = 4*m - 4*v + 6. Suppose s - m = -s. Calculate the remainder when s is divided by -8 + (-153)/(-9) - -12.
19
Let h be (-8*(-2)/(-12))/(1/(-114)). Suppose 5*a + j + 3*j = h, -155 = -5*a - 5*j. What is the remainder when 80 is divided by a?
24
Let w = -380 - 661. Let k = -625 - w. What is the remainder when k is divided by 60?
56
Let z = -217 - -154. Let u be 18/36 + 358/4. Let b = u + z. Calculate the remainder when 107 is divided by b.
26
Suppose -16*r = 43*r - 28*r - 2883. Calculate the remainder when 6040 is divided by r.
88
Let y be 6/(-3) - -6 - (-282)/3*1. Let u be 4/2 - (1 - 2). Suppose u*d - y = 112. What is the remainder when d is divided by 24?
22
Suppose 28 = 3*k - 8. Suppose k*o + 154 = 1522. What is the remainder when o is divided by 24?
18
Let o(a) = -4*a - 15. Let y = 7 + -13. Suppose -80 = -16*g + 448. What is the remainder when g is divided by o(y)?
6
Let o(i) = -10*i - 13*i + 19 + 20*i - 8*i - i**2. What is the remainder when o(-9) is divided by 14?
9
Suppose 5*t - 136 + 56 = 5*x, 5*t - 80 = x. Calculate the remainder when 2859 is divided by t.
11
Let w = -7247 - -7530. What is the remainder when 1976 is divided by w?
278
Let f = -345 + 482. Let t(z) = 18*z + 1. Let q be t(2). Suppose -2*s + q = m, m + 4*s + s = 40. What is the remainder when f is divided by m?
32
Suppose 0 = 7*n - 507 - 284. Let o(b) = -4*b + 4. What is the remainder when o(-10) is divided by (-8)/20*-1 - n/(-5)?
21
Suppose u + 120 = 134. Suppose -s + 2 = -2*d, 3*d - 10 = -5*s - 0*d. Calculate the remainder when u is divided by s.
0
Suppose 0*k + 2*h = 3*k - 224, 0 = 5*k + 2*h - 368. Let r(f) = -64*f**3 - f + 3. Let p be r(-2). What is the remainder when k is divided by 19599/p + 2/22?
36
Suppose -9025 = -43*j + 28127. What is the remainder when j is divided by 97?
88
Suppose -5*l - 4*y = -252, -6*l - 24 = y - 334. What is the remainder when l is divided by 8?
4
Let j(q) = q**2 + 13*q - 22. Suppose 5*h - 214 + 4 = 0. Suppose -36*k = -h*k + 90. What is the remainder when k is divided by j(-15)?
7
Suppose 0 = 5*z - 0*z + 4*h - 78, 5*h - 10 = 0. What is the remainder when (-390)/(-702) + (-1970)/(-18) is divided by z?
12
Let d be (-18 - -21) + 660 + -2. Let h = -555 + d. What is the remainder when h is divided by 47?
12
Let g be (-120)/16*(3/5 + -1). Suppose 7*o + 46 = 8*o + 5*d, 4*d + 119 = g*o. Let m(u) = u + 9. Calculate the remainder when o is divided by m(0).
5
Suppose -7*o + 9 = -4*o. Suppose -34 - 11 = -o*i. Suppose 0 = -8*f - 9*f + 136. What is the remainder when i is divided by f?
7
Let r = 3242 + -2614. Calculate the remainder when r is divided by 14.
12
Let d = 266 + -261. Suppose 15 = -d*g, -3*n - g + 84 = -234. What is the remainder when n is divided by 3?
2
Let f = -371 + 89. Let b = f - -297. Calculate the remainder when 101 is divided by b.
11
Suppose -22*i = -27*i - 15. Let t be 8/(4 - (-6)/i). Suppose 4*k - 769 = -5*q, 4*q + t*k + 15 - 631 = 0. What is the remainder when q is divided by 22?
21
Suppose 5*s + 694 = 5*a - 2*a, -3*a + s + 710 = 0. Let z(r) = 13*r - 9. Calculate the remainder when a is divided by z(3).
28
Suppose -l = -4*f + 8, 5*l - 4*f - 20 = f. Suppose 2*h = 11*h - 2*h. What is the remainder when l is divided by h - ((0 - 0) + 2) - -7?
3
Suppose 4*i - 5 = -k, 3*i - 34 = -4*k + 38. Let n = 151 + -117. Suppose 62 = n*h - 3*h. Calculate the remainder when k is divided by h.
1
Let o(w) = 14*w**2 - 7*w - 3. Suppose 1 = u - 25. Calculate the remainder when o(3) is divided by u.
24
Let f(n) = 17*n**2 + 13*n**2 + 8 - 30*n + 15*n**2 - n**3 - 31*n**2 + 10. Calculate the remainder when f(11) is divided by 8.
3
Suppose 14*j = j + 442. Let b(l) = 3*l - 2*l**2 + 5*l**2 - 7*l**2 + 8 - l**3. Calculate the remainder when b(-7) is divided by j.
32
Let f = 548 + -502. Let q(t) = -16*t**3 + t + 1. What is the remainder when f is divided by q(-1)?
14
Let h(a) = 6*a + 5. Suppose 0 = 4*o + 3*r - 6*r + 1012, 2*o + 4*r = -506. Let j = 259 + o. Calculate the remainder when h(4) is divided by j.
5
Let d = -12560 + 12587. Calculate the remainder when 323 is divided by d.
26
Let t(d) = 14*d - 151. What is the remainder when t(41) is divided by 25?
23
Suppose 0 = -25*a + 560 + 1940. What is the remainder when 400 is divided by a?
0
Suppose 10 = -5*k + 5*a, 0 = -3*k + 2*a + 2*a - 8. Suppose -17*t + 9*t + 136 = k. What is the remainder when 100 is divided by t?
15
Let l(h) = h + 1094. Calculate the remainder when l(-47) is divided by 70.
67
Suppose 117*f - 114*f = -1677. Let x = 684 + f. Calculate the remainder when x is divided by 24.
5
Calculate the remainder when 1816 is divided by ((-12)/(-6) - -14)/(-3*4/(-24)).
24
Suppose 118 - 398 = -14*n. Suppose 2 = w - 0, h + 3*w - 20 = 0. Calculate the remainder when (n/(-3))/((-2)/12) is divided by h.
12
Suppose 8*w - 182 = 106. Suppose 0 = w*p - 69*p + 2739. What is the remainder when p is divided by 12?
11
Let h(v) = 3*v**2 - 211*v + 1539. Calculate the remainder when 599 is divided by h(8).
40
Let m = -47 + 48. Calculate the remainder when 4 + -7 + 239 + m is divided by 49.
41
Let s = 4443 - 3399. Calculate the remainder when s is divided by 36.
0
Let v be 1/2 - (-35)/10. Suppose -v*n - 19 = 25. Calculate the remainder when 5 - 2/2 - n is divided by 9.
6
What is the remainder when 40 is divided by 30366/964*(-4)/(-7)?
4
Suppose -1139 = -72*w + 5*w. What is the remainder when 798 is divided by w?
16
Let z(n) = 8*n**2 - n. Let p = -399 + 402. Suppose 3 - 50 = -2*q - 5*u, -4*q - p*u = -59. Calculate the remainder when z(2) is divided by q.
8
Let l(g) = -g**3 + 16*g**2 - 6*g + 29. Let m be l(13). Suppose -14*k + 1186 = m. What is the remainder when k is divided by 11?
8
Let m = 171 + -96. Calculate the remainder when (-88062)/(-702) - 20/45 is divided by m.
50
Let l(q) = 2. Let m(s) = s**3 - 9*s**2 - 6*s - 4. Let r(c) = l(c) - m(c). Calculate the remainder when r(5) is divided by 35.
31
Suppose -5*n - 5*k - 10 = 0, n - 5*k - 4 = 6. Let u(f) = f**2 + 128. Calculate the remainder when u(n) is divided by 13.
11
Suppose -7*c + 2*c = -10. Suppose -34*l + 180 = -52*l. Let z = c - l. Calculate the remainder when 44 is divided by z.
8
Let x(t) = 3*t**2 - 6*t - 87. Suppose 2*d + q - 73 = 0, 5*q + 55 = -0*d + 2*d. What is the remainder when d is divided by x(7)?
17
What is the remainder when 282 is divided by (-414)/(-22) + 222/1221?
16
Suppose -210*u - 28 = -212*u. Suppose -12*r - 584 = -u*r - 2*k, -590 = -2*r + k. Calculate the remainder when r is divided by 59 + (-1 - 1) + 2.
58
Let n(l) = 28*l**3 + 163*l**2 - 321*l - 9. Calculate the remainder when 4045 is divided by n(2).
220
Suppose 4*a - 4*b - 1 = -7*b, 3*a - 27 = 3*b. Suppose 4*q - a*p - 361 = -41, 0 = -5*q + p + 420. What is the remainder when q is divided by 19?
9
Let c(y) be the first derivative of -y**3/3 + 2*y**2 + 15*y - 15. Let p be c(-6). Let r = 82 + p. Calculate the remainder when 107 is divided by r.
33
Let h be -3 - ((-3 - -6) + -2 - 0). Let n be (-12)/3 - (-7 - h). What is the remainder when 3 is divided by n/(-2)*3/(6/4)?
0
Let l = -68552 + 68570. Let d(r) = 3*r - 3*r - 3*r. Calculate the remainder when l is divided by d(-2).
0
Let u(c) = -257*c - 336. What is the remainder when u(-3) is divided by 22?
17
Suppose 0 = -19*l + 38*l - 2489. Suppose -7*o - 19 = -l. What is the remainder when o is divided by 10?
6
Suppose 6*r + 2*c = 5*r + 742, 35 = 5*c. Calculate the remainde